r when 497 is divided by 289.
208
Calculate the remainder when 383 is divided by 66.
53
What is the remainder when 3503 is divided by 78?
71
Calculate the remainder when 196 is divided by 18.
16
Calculate the remainder when 102 is divided by 36.
30
What is the remainder when 52 is divided by 7?
3
What is the remainder when 345 is divided by 161?
23
What is the remainder when 30 is divided by 18?
12
What is the remainder when 1524 is divided by 109?
107
Calculate the remainder when 134 is divided by 46.
42
Calculate the remainder when 26571 is divided by 91.
90
What is the remainder when 272 is divided by 259?
13
What is the remainder when 80 is divided by 4?
0
What is the remainder when 366 is divided by 68?
26
Calculate the remainder when 1106 is divided by 35.
21
Calculate the remainder when 201 is divided by 84.
33
What is the remainder when 125 is divided by 12?
5
What is the remainder when 349 is divided by 108?
25
What is the remainder when 1192 is divided by 191?
46
What is the remainder when 1690 is divided by 557?
19
Calculate the remainder when 466 is divided by 78.
76
What is the remainder when 340 is divided by 339?
1
Calculate the remainder when 296 is divided by 99.
98
What is the remainder when 159 is divided by 18?
15
What is the remainder when 198 is divided by 26?
16
Calculate the remainder when 110 is divided by 42.
26
What is the remainder when 898 is divided by 21?
16
What is the remainder when 282 is divided by 45?
12
What is the remainder when 215 is divided by 25?
15
Calculate the remainder when 189 is divided by 71.
47
What is the remainder when 3629 is divided by 7?
3
Calculate the remainder when 25678 is divided by 20.
18
Calculate the remainder when 302 is divided by 51.
47
Calculate the remainder when 1259 is divided by 5.
4
Calculate the remainder when 23490 is divided by 17.
13
Calculate the remainder when 68 is divided by 20.
8
What is the remainder when 138 is divided by 49?
40
What is the remainder when 1498 is divided by 52?
42
Calculate the remainder when 58 is divided by 51.
7
Calculate the remainder when 144 is divided by 52.
40
Calculate the remainder when 93 is divided by 6.
3
Calculate the remainder when 223 is divided by 9.
7
What is the remainder when 5777 is divided by 10?
7
What is the remainder when 197 is divided by 12?
5
What is the remainder when 916 is divided by 48?
4
Calculate the remainder when 8261 is divided by 9.
8
What is the remainder when 200 is divided by 68?
64
Calculate the remainder when 675 is divided by 91.
38
What is the remainder when 1796 is divided by 36?
32
What is the remainder when 802 is divided by 135?
127
What is the remainder when 109 is divided by 31?
16
Calculate the remainder when 288 is divided by 29.
27
What is the remainder when 233 is divided by 8?
1
Calculate the remainder when 452 is divided by 7.
4
Calculate the remainder when 1858 is divided by 44.
10
Calculate the remainder when 318 is divided by 108.
102
Calculate the remainder when 65 is divided by 6.
5
What is the remainder when 94 is divided by 17?
9
Calculate the remainder when 25 is divided by 11.
3
Calculate the remainder when 207 is divided by 57.
36
Calculate the remainder when 10706 is divided by 129.
128
Calculate the remainder when 255 is divided by 79.
18
Calculate the remainder when 141 is divided by 40.
21
Calculate the remainder when 196 is divided by 29.
22
Calculate the remainder when 2607 is divided by 16.
15
Calculate the remainder when 236 is divided by 75.
11
What is the remainder when 271 is divided by 68?
67
What is the remainder when 401 is divided by 387?
14
Calculate the remainder when 4142 is divided by 1033.
10
What is the remainder when 307 is divided by 94?
25
What is the remainder when 610 is divided by 207?
196
What is the remainder when 156 is divided by 20?
16
Calculate the remainder when 602 is divided by 148.
10
What is the remainder when 1990 is divided by 54?
46
Calculate the remainder when 140 is divided by 63.
14
Calculate the remainder when 82 is divided by 51.
31
Calculate the remainder when 371 is divided by 3.
2
What is the remainder when 519 is divided by 137?
108
What is the remainder when 232 is divided by 26?
24
What is the remainder when 132 is divided by 15?
12
What is the remainder when 269 is divided by 13?
9
Calculate the remainder when 125 is divided by 22.
15
What is the remainder when 279 is divided by 3?
0
Calculate the remainder when 284 is divided by 104.
76
Calculate the remainder when 1153 is divided by 18.
1
Calculate the remainder when 182 is divided by 68.
46
Calculate the remainder when 229 is divided by 135.
94
What is the remainder when 48 is divided by 11?
4
What is the remainder when 9099 is divided by 82?
79
Calculate the remainder when 4276 is divided by 100.
76
Calculate the remainder when 355 is divided by 29.
7
Calculate the remainder when 183 is divided by 97.
86
Calculate the remainder when 1311 is divided by 653.
5
What is the remainder when 141 is divided by 103?
38
Calculate the remainder when 256 is divided by 38.
28
Calculate the remainder when 2299 is divided by 25.
24
What is the remainder when 9382 is divided by 1042?
4
What is the remainder when 70 is divided by 36?
34
What is the remainder when 32 is divided by 11?
10
Calculate the remainder when 34 is divided by 13.
8
Calculate the remainder when 59 is divided by 4.
3
Calculate the remainder when 87 is divided by 27.
6
What is the remainder when 795 is divided by 20?
15
Calculate the remainder when 189 is divided by 144.
45
Calculate the remainder when 163 is divided by 12.
7
What is the remainder when 307 is divided by 13?
8
Calculate the remainder when 2902 is divided by 51.
46
Calculate the remainder when 2275 is divided by 114.
109
What is the remainder when 190 is divided by 48?
46
Calculate the remainder when 1835 is divided by 102.
101
Calculate the remainder when 696 is divided by 101.
90
Calculate the remainder when 77 is divided by 40.
37
Calculate the remainder when 61 is divided by 13.
9
What is the remainder when 666 is divided by 14?
8
Calculate the remainder when 4113 is divided by 42.
39
Calculate the remainder when 6850 is divided by 176.
162
Calculate the remainder when 5739 is divided by 33.
30
Calculate the remainder when 89 is divided by 10.
9
Calculate the remainder when 2958 is divided by 47.
44
Calculate the remainder when 1251 is divided by 70.
61
What is the remainder when 556 is divided by 270?
16
What is the remainder when 1301 is divided by 93?
92
Calculate the remainder when 253 is divided by 85.
83
What is the remainder when 3686 is divided by 1227?
5
Calculate the remainder when 366 is divided by 5.
1
What is the remainder when 2636 is divided by 103?
61
What is the remainder when 150 is divided by 73?
4
Calculate the remainder when 7738 is divided by 129.
127
What is the remainder when 613 is divided by 199?
16
Calculate the remainder when 1604 is divided by 67.
63
What is the remainder when 590 is divided by 66?
62
What is the remainder when 2925 is divided by 23?
4
What is the remainder when 605 is divided by 55?
0
What is the remainder when 1572 is divided by 40?
12
Calculate the remainder when 797 is divided by 236.
89
What is the remainder when 4051 is divided by 405?
1
Calculate the remainder when 740 is divided by 250.
240
Calculate the remainder when 232 is divided by 99.
34
What is the remainder when 72 is divided by 44?
28
Calculate the remainder when 137 is divided by 70.
67
What is the remainder when 1425 is divided by 11?
6
What is the remainder when 224 is divided by 82?
60
What is the remainder when 294 is divided by 79?
57
What is the remainder when 466 is divided by 92?
6
Calculate the remainder when 333 is divided by 84.
81
What is the remainder when 728 is divided by 81?
80
Calculate the remainder when 46 is divided by 31.
15
What is the remainder when 1795 is divided by 593?
16
Calculate the remainder when 1410 is divided by 467.
9
Calculate the remainder when 466 is divided by 121.
103
Calculate the remainder when 418 is divided by 20.
18
What is the remainder when 1250 is divided by 45?
35
What is the remainder when 320 is divided by 23?
21
What is the remainder when 269 is divided by 269?
0
Calculate the remain